{"id":1079,"date":"2023-01-27T10:10:42","date_gmt":"2023-01-27T09:10:42","guid":{"rendered":"https:\/\/geoseminaire2023.teledetection.fr\/?page_id=1079"},"modified":"2023-03-27T11:08:32","modified_gmt":"2023-03-27T09:08:32","slug":"informations-pratiques","status":"publish","type":"page","link":"https:\/\/geoseminaire2023.teledetection.fr\/?page_id=1079","title":{"rendered":"Informations pratiques"},"content":{"rendered":"\n<p class=\"has-vivid-green-cyan-color has-text-color has-large-font-size\"><strong>Comment venir \u00e0 l&rsquo;\u00e9v\u00e8nement !<\/strong><\/p>\n\n\n\n<hr class=\"wp-block-separator has-text-color has-vivid-green-cyan-color has-alpha-channel-opacity has-vivid-green-cyan-background-color has-background is-style-wide\"\/>\n\n\n\n<p>Le G\u00e9os\u00e9minaire aura lieu le <strong>30 Mars 2023<\/strong> \u00e0 l&rsquo;adresse suivante: 1 Place Georges Fr\u00eache, H\u00f4tel de Ville de la M\u00e9tropole de Montpellier.<\/p>\n\n\n\n<p><strong>Pour venir au lieu du G\u00e9os\u00e9minaire :<\/strong><\/p>\n\n\n<p><b>En transport en commun :<\/b><\/p>\n<p><!-- \/wp:post-content --><!-- wp:paragraph --><\/p>\n<p style=\"margin: 0cm;\"><u>Depuis la gare Sud de France :<\/u><\/p>\n<p><!-- \/wp:paragraph --><!-- wp:paragraph --><\/p>\n<p style=\"text-indent: -18.0pt; mso-list: l0 level1 lfo1; margin: 0cm 0cm 5.0pt 36.0pt;\"><!-- [if !supportLists]--><span style=\"font-family: Wingdings; mso-fareast-font-family: Wingdings; mso-bidi-font-family: Wingdings;\"><span style=\"mso-list: Ignore;\">\u00e8 <\/span><\/span>Navette Gare puis prendre Tramway Ligne 4\u00a0 direction Garcia Lorca. Arr\u00eat Georges Fr\u00eache &#8211; H\u00f4tel de Ville<\/p>\n<p><!-- \/wp:paragraph --><!-- wp:paragraph --><\/p>\n<p style=\"margin-bottom: 0cm;\"><u>Depuis la gare St Roch :<\/u><\/p>\n<p><!-- \/wp:paragraph --><!-- wp:paragraph --><\/p>\n<p style=\"text-indent: -18.0pt; mso-list: l0 level1 lfo1; margin: 0cm 0cm 5.0pt 36.0pt;\"><!-- [if !supportLists]--><span style=\"font-family: Wingdings; mso-fareast-font-family: Wingdings; mso-bidi-font-family: Wingdings;\"><span style=\"mso-list: Ignore;\">\u00e8 <\/span><\/span>Tramway Ligne 4\u00a0 direction Garcia Lorca. Arr\u00eat Georges Fr\u00eache &#8211; H\u00f4tel de Ville<\/p>\n<p><!-- \/wp:paragraph --><!-- wp:paragraph --><\/p>\n<p style=\"margin-bottom: 0cm;\"><u>Depuis l\u2019A\u00e9roport Montpellier M\u00e9diterran\u00e9e :<\/u><\/p>\n<p><!-- \/wp:paragraph --><!-- wp:paragraph --><\/p>\n<p style=\"text-indent: -18.0pt; mso-list: l0 level1 lfo1; margin: 0cm 0cm 5.0pt 36.0pt;\"><!-- [if !supportLists]--><span style=\"font-family: Wingdings; mso-fareast-font-family: Wingdings; mso-bidi-font-family: Wingdings;\"><span style=\"mso-list: Ignore;\">\u00e8 <\/span><\/span>Ligne 620 Navette A\u00e9roport, arr\u00eat place de l\u2019Europe puis prendre Tramway Ligne 4\u00a0 direction Garcia Lorca. Arr\u00eat Georges Fr\u00eache &#8211; H\u00f4tel de Ville<\/p>\n<p><!-- \/wp:paragraph --><!-- wp:paragraph --><\/p>\n<p><b>En voiture :<\/b><\/p>\n<p><!-- \/wp:paragraph --><!-- wp:paragraph --><\/p>\n<p style=\"margin-bottom: 0cm;\"><u>Depuis A9 \/ A709 :<\/u><\/p>\n<p><!-- \/wp:paragraph --><!-- wp:paragraph --><\/p>\n<p style=\"margin-left: 36.0pt; text-indent: -18.0pt; mso-list: l0 level1 lfo1;\"><!-- [if !supportLists]--><span style=\"font-family: Wingdings; mso-fareast-font-family: Wingdings; mso-bidi-font-family: Wingdings;\"><span style=\"mso-list: Ignore;\">\u00e8 <\/span><\/span>Sortie 29 \u2013 Montpellier EST<\/p>\n<p><!-- \/wp:paragraph --><!-- wp:paragraph --><\/p>\n<p style=\"margin-left: 36.0pt; text-indent: -18.0pt; mso-list: l0 level1 lfo1;\"><!-- [if !supportLists]--><span style=\"font-family: Wingdings; mso-fareast-font-family: Wingdings; mso-bidi-font-family: Wingdings;\"><span style=\"mso-list: Ignore;\">\u00e8 <\/span><\/span>Parking TAM Antigone<\/p>\n<p><!-- \/wp:paragraph --><\/p>","protected":false},"excerpt":{"rendered":"<p>Comment venir \u00e0 l&rsquo;\u00e9v\u00e8nement ! Le G\u00e9os\u00e9minaire aura lieu le 30 Mars 2023 \u00e0 l&rsquo;adresse suivante: 1 Place Georges Fr\u00eache, H\u00f4tel de Ville de la M\u00e9tropole de Montpellier. Pour venir au lieu du G\u00e9os\u00e9minaire : En transport en commun : Depuis la gare Sud de France : \u00e8 Navette Gare puis prendre Tramway Ligne 4\u00a0 &hellip; <\/p>\n","protected":false},"author":1,"featured_media":0,"parent":0,"menu_order":0,"comment_status":"closed","ping_status":"closed","template":"","meta":{"footnotes":""},"class_list":["post-1079","page","type-page","status-publish","hentry"],"_links":{"self":[{"href":"https:\/\/geoseminaire2023.teledetection.fr\/index.php?rest_route=\/wp\/v2\/pages\/1079","targetHints":{"allow":["GET"]}}],"collection":[{"href":"https:\/\/geoseminaire2023.teledetection.fr\/index.php?rest_route=\/wp\/v2\/pages"}],"about":[{"href":"https:\/\/geoseminaire2023.teledetection.fr\/index.php?rest_route=\/wp\/v2\/types\/page"}],"author":[{"embeddable":true,"href":"https:\/\/geoseminaire2023.teledetection.fr\/index.php?rest_route=\/wp\/v2\/users\/1"}],"replies":[{"embeddable":true,"href":"https:\/\/geoseminaire2023.teledetection.fr\/index.php?rest_route=%2Fwp%2Fv2%2Fcomments&post=1079"}],"version-history":[{"count":10,"href":"https:\/\/geoseminaire2023.teledetection.fr\/index.php?rest_route=\/wp\/v2\/pages\/1079\/revisions"}],"predecessor-version":[{"id":1293,"href":"https:\/\/geoseminaire2023.teledetection.fr\/index.php?rest_route=\/wp\/v2\/pages\/1079\/revisions\/1293"}],"wp:attachment":[{"href":"https:\/\/geoseminaire2023.teledetection.fr\/index.php?rest_route=%2Fwp%2Fv2%2Fmedia&parent=1079"}],"curies":[{"name":"wp","href":"https:\/\/api.w.org\/{rel}","templated":true}]}}

<p class="has-vivid-green-cyan-color has-text-color has-large-font-size"><strong>Comment venir à l&rsquo;évènement !</strong></p>



<hr class="wp-block-separator has-text-color has-vivid-green-cyan-color has-alpha-channel-opacity has-vivid-green-cyan-background-color has-background is-style-wide"/>



<p>Le Géoséminaire aura lieu le <strong>30 Mars 2023</strong> à l&rsquo;adresse suivante: 1 Place Georges Frêche, Hôtel de Ville de la Métropole de Montpellier.</p>



<p><strong>Pour venir au lieu du Géoséminaire :</strong></p>


<p><b>En transport en commun :</b></p>
<p><!-- /wp:post-content --><!-- wp:paragraph --></p>
<p style="margin: 0cm;"><u>Depuis la gare Sud de France :</u></p>
<p><!-- /wp:paragraph --><!-- wp:paragraph --></p>
<p style="text-indent: -18.0pt; mso-list: l0 level1 lfo1; margin: 0cm 0cm 5.0pt 36.0pt;"><!-- [if !supportLists]--><span style="font-family: Wingdings; mso-fareast-font-family: Wingdings; mso-bidi-font-family: Wingdings;"><span style="mso-list: Ignore;">è </span></span>Navette Gare puis prendre Tramway Ligne 4  direction Garcia Lorca. Arrêt Georges Frêche &#8211; Hôtel de Ville</p>
<p><!-- /wp:paragraph --><!-- wp:paragraph --></p>
<p style="margin-bottom: 0cm;"><u>Depuis la gare St Roch :</u></p>
<p><!-- /wp:paragraph --><!-- wp:paragraph --></p>
<p style="text-indent: -18.0pt; mso-list: l0 level1 lfo1; margin: 0cm 0cm 5.0pt 36.0pt;"><!-- [if !supportLists]--><span style="font-family: Wingdings; mso-fareast-font-family: Wingdings; mso-bidi-font-family: Wingdings;"><span style="mso-list: Ignore;">è </span></span>Tramway Ligne 4  direction Garcia Lorca. Arrêt Georges Frêche &#8211; Hôtel de Ville</p>
<p><!-- /wp:paragraph --><!-- wp:paragraph --></p>
<p style="margin-bottom: 0cm;"><u>Depuis l’Aéroport Montpellier Méditerranée :</u></p>
<p><!-- /wp:paragraph --><!-- wp:paragraph --></p>
<p style="text-indent: -18.0pt; mso-list: l0 level1 lfo1; margin: 0cm 0cm 5.0pt 36.0pt;"><!-- [if !supportLists]--><span style="font-family: Wingdings; mso-fareast-font-family: Wingdings; mso-bidi-font-family: Wingdings;"><span style="mso-list: Ignore;">è </span></span>Ligne 620 Navette Aéroport, arrêt place de l’Europe puis prendre Tramway Ligne 4  direction Garcia Lorca. Arrêt Georges Frêche &#8211; Hôtel de Ville</p>
<p><!-- /wp:paragraph --><!-- wp:paragraph --></p>
<p><b>En voiture :</b></p>
<p><!-- /wp:paragraph --><!-- wp:paragraph --></p>
<p style="margin-bottom: 0cm;"><u>Depuis A9 / A709 :</u></p>
<p><!-- /wp:paragraph --><!-- wp:paragraph --></p>
<p style="margin-left: 36.0pt; text-indent: -18.0pt; mso-list: l0 level1 lfo1;"><!-- [if !supportLists]--><span style="font-family: Wingdings; mso-fareast-font-family: Wingdings; mso-bidi-font-family: Wingdings;"><span style="mso-list: Ignore;">è </span></span>Sortie 29 – Montpellier EST</p>
<p><!-- /wp:paragraph --><!-- wp:paragraph --></p>
<p style="margin-left: 36.0pt; text-indent: -18.0pt; mso-list: l0 level1 lfo1;"><!-- [if !supportLists]--><span style="font-family: Wingdings; mso-fareast-font-family: Wingdings; mso-bidi-font-family: Wingdings;"><span style="mso-list: Ignore;">è </span></span>Parking TAM Antigone</p>
<p><!-- /wp:paragraph --></p>

<p>Comment venir à l&rsquo;évènement ! Le Géoséminaire aura lieu le 30 Mars 2023 à l&rsquo;adresse suivante: 1 Place Georges Frêche, Hôtel de Ville de la Métropole de Montpellier. Pour venir au lieu du Géoséminaire : En transport en commun : Depuis la gare Sud de France : è Navette Gare puis prendre Tramway Ligne 4  &hellip; </p>
