{"id":948,"date":"2023-01-23T20:55:36","date_gmt":"2023-01-23T19:55:36","guid":{"rendered":"https:\/\/geoseminaire2023.teledetection.fr\/?page_id=948"},"modified":"2023-02-06T09:11:47","modified_gmt":"2023-02-06T08:11:47","slug":"presentation-du-theme","status":"publish","type":"page","link":"https:\/\/geoseminaire2023.teledetection.fr\/?page_id=948","title":{"rendered":"Pr\u00e9sentation du th\u00e8me"},"content":{"rendered":"\n<p class=\"has-drop-cap\">Organis\u00e9 chaque ann\u00e9e depuis 2007 par les auditeurs du&nbsp;<strong>Mast\u00e8re Sp\u00e9cialis\u00e9 SILAT<\/strong>&nbsp;<strong>(Syst\u00e8mes d\u2019Informations Localis\u00e9es pour l\u2019Am\u00e9nagement des Territoires)<\/strong>, le G\u00e9os\u00e9minaire est un \u00e9v\u00e9nement qui rassemble pendant une journ\u00e9e les acteurs de la g\u00e9omatique autour d\u2019un th\u00e8me d&rsquo;actualit\u00e9. Son programme comprend des pr\u00e9sentations de diff\u00e9rents intervenants et une table ronde entre ces experts, pendant laquelle peuvent \u00e9galement intervenir les participants. C\u2019est l\u2019occasion de rassembler les acteurs du secteur afin de capitaliser les id\u00e9es, partager les exp\u00e9riences et favoriser les \u00e9changes.<\/p>\n\n\n\n<p>Cette ann\u00e9e, la 16<sup>e<\/sup> \u00e9dition du G\u00e9os\u00e9minaire organis\u00e9e par les auditeurs du Mast\u00e8re Sp\u00e9cialis\u00e9 SILAT (AgroParisTech)  aura lieu le\u00a0<strong>30 mars 2023 \u00e0 Montpellier<\/strong> et porte \u00a0sur le th\u00e8me \u00a0<strong>\u00ab\u00a0Evolution et influence de la g\u00e9omatique sur le territoire\u00a0\u00bb<\/strong>.<\/p>\n\n\n\n<p class=\"has-vivid-green-cyan-color has-text-color has-large-font-size\"><strong>Histoire de la 16<sup>e<\/sup> \u00e9dition<\/strong><\/p>\n\n\n\n<hr class=\"wp-block-separator has-text-color has-vivid-green-cyan-color has-alpha-channel-opacity has-vivid-green-cyan-background-color has-background is-style-wide\"\/>\n\n\n\n<p>Depuis la nuit des temps, la cartographie a \u00e9t\u00e9 un outil indispensable pour les civilisations dans la compr\u00e9hension des territoires. Les \u00e9volutions et innovations technologiques des derniers si\u00e8cles ont consid\u00e9rablement boulevers\u00e9 la fa\u00e7on d\u2019appr\u00e9hender la cartographie.&nbsp;&nbsp;<\/p>\n\n\n\n<p>Pendant longtemps, les cartes relataient des faits <em>in situ<\/em>, tandis que depuis ces derni\u00e8res d\u00e9cennies les m\u00e9thodes ont chang\u00e9. La g\u00e9omatique, n\u00e9e des grands sauts technologiques (satellites, informatique, intelligence artificielle, etc.), a permis une avanc\u00e9e majeure dans l\u2019analyse du territoire.&nbsp;<\/p>\n\n\n\n<p>Aujourd\u2019hui cette discipline ne cesse d\u2019\u00e9voluer et de s\u2019adapter aux nouvelles technologies, mais \u00e9galement aux enjeux territoriaux toujours plus nombreux. Ces \u00e9volutions am\u00e8nent \u00e0 de nombreux questionnements notamment sur les impacts et la r\u00e9solution des probl\u00e9matiques territoriales, ainsi que de leurs utilit\u00e9s pour traiter des probl\u00e9matiques futures.&nbsp;<\/p>\n","protected":false},"excerpt":{"rendered":"<p>Organis\u00e9 chaque ann\u00e9e depuis 2007 par les auditeurs du&nbsp;Mast\u00e8re Sp\u00e9cialis\u00e9 SILAT&nbsp;(Syst\u00e8mes d\u2019Informations Localis\u00e9es pour l\u2019Am\u00e9nagement des Territoires), le G\u00e9os\u00e9minaire est un \u00e9v\u00e9nement qui rassemble pendant une journ\u00e9e les acteurs de la g\u00e9omatique autour d\u2019un th\u00e8me d&rsquo;actualit\u00e9. Son programme comprend des pr\u00e9sentations de diff\u00e9rents intervenants et une table ronde entre ces experts, pendant laquelle peuvent \u00e9galement &hellip; <\/p>\n","protected":false},"author":1,"featured_media":850,"parent":0,"menu_order":0,"comment_status":"closed","ping_status":"closed","template":"","meta":{"footnotes":""},"class_list":["post-948","page","type-page","status-publish","has-post-thumbnail","hentry"],"_links":{"self":[{"href":"https:\/\/geoseminaire2023.teledetection.fr\/index.php?rest_route=\/wp\/v2\/pages\/948","targetHints":{"allow":["GET"]}}],"collection":[{"href":"https:\/\/geoseminaire2023.teledetection.fr\/index.php?rest_route=\/wp\/v2\/pages"}],"about":[{"href":"https:\/\/geoseminaire2023.teledetection.fr\/index.php?rest_route=\/wp\/v2\/types\/page"}],"author":[{"embeddable":true,"href":"https:\/\/geoseminaire2023.teledetection.fr\/index.php?rest_route=\/wp\/v2\/users\/1"}],"replies":[{"embeddable":true,"href":"https:\/\/geoseminaire2023.teledetection.fr\/index.php?rest_route=%2Fwp%2Fv2%2Fcomments&post=948"}],"version-history":[{"count":13,"href":"https:\/\/geoseminaire2023.teledetection.fr\/index.php?rest_route=\/wp\/v2\/pages\/948\/revisions"}],"predecessor-version":[{"id":1183,"href":"https:\/\/geoseminaire2023.teledetection.fr\/index.php?rest_route=\/wp\/v2\/pages\/948\/revisions\/1183"}],"wp:featuredmedia":[{"embeddable":true,"href":"https:\/\/geoseminaire2023.teledetection.fr\/index.php?rest_route=\/wp\/v2\/media\/850"}],"wp:attachment":[{"href":"https:\/\/geoseminaire2023.teledetection.fr\/index.php?rest_route=%2Fwp%2Fv2%2Fmedia&parent=948"}],"curies":[{"name":"wp","href":"https:\/\/api.w.org\/{rel}","templated":true}]}}